 27165 and 9650819?
1811
What is the highest common factor of 1971 and 924180?
219
What is the greatest common divisor of 46031 and 54817?
191
Calculate the greatest common divisor of 533188260 and 54.
18
What is the greatest common divisor of 3504 and 1411163?
73
What is the greatest common factor of 60 and 9565845?
15
What is the greatest common divisor of 1717774 and 3266?
142
What is the greatest common divisor of 24 and 358708648?
8
What is the greatest common divisor of 134 and 121064176?
134
What is the highest common factor of 333336 and 124678?
646
Calculate the highest common divisor of 370 and 702324972.
74
What is the greatest common factor of 21830 and 21970?
10
What is the greatest common factor of 51527798 and 15372?
854
Calculate the greatest common divisor of 2704 and 25742080.
2704
Calculate the highest common divisor of 185 and 1479371.
37
Calculate the greatest common divisor of 71235416 and 3381.
1127
Calculate the greatest common factor of 4154 and 74451274.
62
Calculate the highest common divisor of 9175632 and 11856.
912
What is the highest common factor of 252 and 4395573?
63
Calculate the highest common divisor of 3034 and 1219586.
82
Calculate the highest common factor of 10516 and 75900.
44
Calculate the greatest common divisor of 13425 and 803325.
75
Calculate the highest common factor of 341 and 723668.
11
Calculate the greatest common factor of 270894 and 5184660.
1794
What is the highest common divisor of 1012 and 288122472?
1012
Calculate the greatest common divisor of 216300 and 204640.
20
What is the greatest common divisor of 6852346 and 54392?
1046
What is the greatest common factor of 128 and 3653248?
128
Calculate the greatest common factor of 140045 and 56245100.
3785
What is the highest common divisor of 4942 and 12481?
7
Calculate the highest common factor of 155 and 644240.
5
Calculate the highest common factor of 504 and 16905224.
56
What is the greatest common divisor of 81445182 and 4128?
258
Calculate the highest common divisor of 2960 and 93260.
20
Calculate the highest common factor of 26 and 18210192.
26
What is the greatest common factor of 35 and 18689100?
5
Calculate the greatest common divisor of 708621 and 63.
3
What is the greatest common factor of 12133 and 82643?
11
What is the greatest common factor of 3658868 and 1862?
38
Calculate the highest common factor of 18031 and 522158.
247
What is the greatest common divisor of 347137 and 686497?
707
Calculate the greatest common factor of 6821997 and 2730.
273
Calculate the highest common factor of 180 and 2842794.
18
What is the highest common factor of 5005 and 72052981?
1001
What is the highest common divisor of 932 and 62964988?
932
Calculate the highest common divisor of 4105660 and 416.
52
What is the highest common factor of 116895118 and 3048?
254
Calculate the highest common factor of 46893 and 1727.
11
Calculate the greatest common divisor of 6530506 and 6236407.
7541
What is the greatest common factor of 98219041 and 10954?
5477
Calculate the highest common divisor of 11852467 and 379.
379
Calculate the greatest common factor of 13567 and 1967.
1
Calculate the highest common divisor of 1950252 and 118498.
662
What is the highest common divisor of 69644 and 2369?
23
What is the greatest common factor of 40091 and 6529715?
853
What is the highest common divisor of 13874 and 55426?
14
Calculate the greatest common divisor of 89656982 and 61522.
3238
Calculate the highest common divisor of 648034 and 3886.
58
Calculate the highest common factor of 1390 and 67412220.
1390
Calculate the highest common divisor of 198978 and 3510.
78
Calculate the highest common factor of 35670365 and 835.
835
Calculate the greatest common divisor of 2779931 and 38157.
553
Calculate the highest common divisor of 13433 and 63802.
19
Calculate the greatest common divisor of 16841270 and 10.
10
What is the greatest common divisor of 208047643 and 11301?
3767
Calculate the highest common divisor of 2632587 and 23076.
1923
What is the highest common factor of 13342 and 83864?
1906
Calculate the highest common divisor of 54526204 and 752.
188
What is the greatest common factor of 502326 and 19880190?
8514
Calculate the greatest common divisor of 3156 and 2370552.
12
What is the greatest common factor of 110131701 and 59?
59
Calculate the greatest common divisor of 5212 and 64890703.
1303
What is the highest common factor of 2260629 and 112077?
189
What is the greatest common factor of 10507 and 215992?
133
Calculate the greatest common divisor of 20 and 983167595.
5
Calculate the greatest common factor of 170744 and 5884.
4
What is the highest common divisor of 16394 and 100825442?
2342
What is the highest common divisor of 152692 and 76993?
647
What is the highest common factor of 105050121 and 33?
33
What is the highest common divisor of 4304 and 213108256?
4304
What is the greatest common divisor of 4805073 and 32760?
819
Calculate the greatest common divisor of 7908784 and 2427.
809
What is the highest common divisor of 15921540 and 1320?
60
Calculate the greatest common divisor of 9425138 and 30546.
3394
What is the greatest common divisor of 3976 and 4407112?
568
What is the greatest common factor of 77721 and 39333?
21
Calculate the highest common factor of 1467990 and 594.
54
Calculate the highest common divisor of 1087607 and 16175.
647
Calculate the highest common divisor of 591705984 and 1536.
384
Calculate the highest common factor of 4613493 and 13386045.
9879
Calculate the greatest common factor of 54999 and 199017.
567
Calculate the greatest common factor of 8291248 and 154574.
2534
What is the highest common divisor of 19411 and 1221241?
413
Calculate the highest common divisor of 11 and 54051437.
11
What is the greatest common factor of 297271872 and 912?
912
Calculate the greatest common factor of 4 and 49719.
1
What is the highest common factor of 29175 and 49825?
25
Calculate the greatest common divisor of 18000 and 428.
4
What is the highest common divisor of 16460687 and 24937?
2267
What is the highest common factor of 452253864 and 6?
6
What is the highest common factor of 262 and 22407026?
262
What is the highest common divisor of 97006 and 1352?
338
What is the highest common divisor of 609 and 4270119?
21
What is the highest common factor of 86633734 and 136697?
8041
What is the highest common factor of 2241 and 6755121?
747
Calculate the highest common factor of 1524 and 67516248.
1524
Calculate the greatest common factor of 2376647 and 2829.
41
Calculate the highest common divisor of 15360 and 3381600.
480
What is the highest common factor of 766961 and 208?
13
What is the greatest common factor of 508 and 509316609?
127
What is the highest common divisor of 78036707 and 548?
137
Calculate the highest common factor of 432939 and 204.
51
What is the highest common factor of 12604 and 2576696?
548
Calculate the highest common factor of 15492932 and 183148.
868
What is the greatest common factor of 128 and 5206976?
64
Calculate the highest common factor of 103592 and 8354920.
4504
What is the greatest common divisor of 2674256 and 15916?
92
What is the highest common divisor of 1898 and 115960?
26
What is the greatest common divisor of 5494 and 571868?
82
What is the greatest common factor of 2489983 and 9304?
1163
What is the highest common factor of 219259405 and 20?
5
Calculate the greatest common divisor of 102267405 and 570.
285
What is the highest common factor of 1766 and 19698?
2
What is the highest common divisor of 738 and 301633884?
738
Calculate the highest common divisor of 164827263 and 9645.
1929
Calculate the greatest common divisor of 1327 and 132585878.
1327
What is the highest common divisor of 18326 and 13389574?
374
What is the greatest common divisor of 98 and 40559596?
14
Calculate the highest common factor of 143 and 2222467.
13
What is the highest common factor of 139452 and 13872?
12
What is the highest common divisor of 1766172 and 1536?
12
Calculate the highest common factor of 2992 and 498600.
8
Calculate the greatest common factor of 9966 and 1031330.
302
What is the greatest common divisor of 36880 and 792520?
40
Calculate the greatest common divisor of 534 and 19852.
2
Calculate the greatest common f